 -17. Calculate the remainder when f is divided by r.
2
Let q(m) = -m**3 + 21*m**2 - 18*m + 2. Let o be q(20). What is the remainder when (-12)/o - 510/(-21) is divided by 14?
10
Suppose 4 = 5*u - 9*u. Let f(g) = -41*g**3 + 4*g + 4. Calculate the remainder when f(u) is divided by 11.
8
Let s = -2 - -123. What is the remainder when s is divided by 35 - (-1 - 0) - -5?
39
Let m(x) = 2*x**2 - 2*x - 38. Calculate the remainder when m(-7) is divided by 16.
10
Suppose 785 = -124*x + 129*x. What is the remainder when x is divided by 20?
17
Let x(t) = -2*t**3 - 3*t**2 - 3*t + 24. What is the remainder when x(-5) is divided by 4?
2
Suppose -b - 258 = 5*i - 2*i, 3*b - 9 = 0. Let v = i - -106. Suppose 2*f + 2*y = 112, 5*f + y - 352 + 76 = 0. Calculate the remainder when f is divided by v.
17
Let s be (-2)/(-6)*(-10 + 19). Suppose -s*l - l + 92 = 0. What is the remainder when ((-30)/8)/(3/(-36)) is divided by l?
22
Suppose 0 = 5*q + i - 346, -7*i + 11*i + 65 = q. Let a = -13 + 31. Calculate the remainder when q is divided by a.
15
Suppose -25*y - 297 = -3*v - 21*y, 2*v = -4*y + 218. What is the remainder when 214 is divided by v?
8
Suppose 1505 = i - 3*i + 5*m, 0 = 4*i + 3*m + 3049. Calculate the remainder when 53 is divided by i/(-55) - 4/(-22).
11
Suppose 19*f - 10190 = -2571. Calculate the remainder when f is divided by 39.
11
Calculate the remainder when 825 is divided by 15 - (-18 - -9 - -6).
15
Let d = 2052 - 1885. Calculate the remainder when d is divided by 32.
7
Suppose -13 = 6*c - 37. What is the remainder when 104 + (c - (0 + 1)) is divided by 27?
26
Let t = 403 + -338. Calculate the remainder when 322 is divided by t.
62
Suppose 0 = -8*u + 2*u + 162. Calculate the remainder when 97 is divided by u.
16
Suppose 4*n + 178*v - 176*v = 344, 160 = 2*n - 5*v. Calculate the remainder when n is divided by 53.
32
Let k(v) = v**3 + 13*v**2 - 14*v - 4. Let g be k(-14). Calculate the remainder when 23 is divided by (576/(-20))/g + 3/(-15).
2
Suppose 0 = 3*b + 37 - 142. Suppose p + 3 = 4*p, 0 = -5*r - 5*p + b. What is the remainder when 76 is divided by r?
4
Suppose 3*s - 27 = -90. Let h = 26 + s. What is the remainder when 7 is divided by h?
2
Suppose 11*f - 59 = 6*f - 2*h, 2*f - 26 = -2*h. What is the remainder when 175 is divided by f?
10
Let g = 1070 - 1031. Suppose -53 = -2*f + 99. Calculate the remainder when f is divided by g.
37
Let b = 45 + -23. Let q be 2/(-8) + 386/8. Suppose 2*a - q = -2*a. What is the remainder when b is divided by a?
10
Let x = 41 - 36. Suppose 3*w - 17 = -4*q + 16, 5*w = -x. Calculate the remainder when q is divided by 5.
4
Suppose -5*t + 20 = -25. Suppose t*y - 11*y = -218. Calculate the remainder when y is divided by 16.
13
Let w(c) = 3*c**2 + 5*c - 1. Suppose 3*g - 27 = 3*j, -j + 6 - 3 = 3*g. What is the remainder when w(-5) is divided by (j/4)/(15/130*-1)?
10
Suppose 3*i = -14*i + 425. Calculate the remainder when i is divided by 16.
9
What is the remainder when (-1580)/(-553)*(-1 + 15) is divided by 15?
10
Suppose 2*s - 2*f = f + 86, 0 = 5*s + 3*f - 236. Calculate the remainder when s is divided by 17.
12
What is the remainder when ((-6)/(-8))/(1/76) is divided by (465/(-124))/((-2)/24*3)?
12
Let o(t) = -t**2 - 10*t + 12. Let v be o(-11). Suppose -d + v - 7 = 0. Let s = d + 18. What is the remainder when 46 is divided by s?
10
Let o be 3/18*22 + (-3)/(-9). What is the remainder when 273 is divided by (-2 + 0 + o)*23?
43
Suppose 3*d - 4*p = 429 + 347, p + 1299 = 5*d. Suppose -70 = 5*r - d. Let v = 138 - 130. What is the remainder when r is divided by v?
6
Let d be (36/(-5))/(12/(-90)). Let a be (d/45)/((-3)/20). Calculate the remainder when 5*(1 + a)*-1 is divided by 12.
11
Let z(o) = o - 4. Let a be z(6). Suppose -194 = -5*w - 4*t - 46, 3*w - 5*t - 74 = 0. Calculate the remainder when w is divided by a/5 - (-152)/20.
4
Suppose -4*j - 4*j - 168 = 0. Let l = -25 - j. What is the remainder when 1 + (-12)/(-4) - l is divided by 6?
2
Let q = 160 - 157. Let z(l) = l**3 - 2*l - 6. What is the remainder when 147 is divided by z(q)?
12
Let v = -197 - -247. What is the remainder when 244 is divided by v?
44
Let k = 9 - -1. What is the remainder when 247 is divided by k?
7
Calculate the remainder when (-3)/5 - (-2065)/25*1 is divided by 5.
2
Suppose 68 = 5*l + 2*p + 14, 3*p + 21 = l. Calculate the remainder when 69 is divided by l.
9
Suppose -16 = 5*s - 1. What is the remainder when 17 is divided by 3 - (2 - (1 - s))?
2
Suppose 1027 = 19*s - 6*s. What is the remainder when 156 is divided by s?
77
Suppose -2*n + 7*p + 32 = 4*p, 0 = -4*n - 3*p + 82. Let u(i) = -i**3 - 6*i**2 - 2*i - 5. Calculate the remainder when n is divided by u(-6).
5
Suppose 0 = 5*k - 4*m - 115, 9*m + 6 = -k + 4*m. Calculate the remainder when 170 is divided by k.
18
Let a = -11 + 98. Calculate the remainder when a is divided by 23.
18
Let c = 11 - 9. Let l be c/(-5) - (-410)/25. Suppose -g - 8 = -2*m + 6, -4*g + l = 0. Calculate the remainder when 24 is divided by m.
6
Let c(m) be the first derivative of 3 + 2/3*m**3 + 6*m**2 + 6*m. What is the remainder when c(-8) is divided by 13?
12
Suppose -3*d + 2*d - 5*p = 21, 3*p + 16 = -4*d. Let l(q) = -45*q**3 + q + 1. Calculate the remainder when l(d) is divided by 16.
13
Let y = -22 + 26. Suppose y*o = -16, -2*u = 2*u - 2*o - 156. Calculate the remainder when 67 is divided by u.
30
Let d = -31 - -34. Suppose 3*u = -3*u + 12. Calculate the remainder when d is divided by u.
1
Let t = 346 + -342. What is the remainder when 36 is divided by t?
0
Let h = -1356 + 1379. Calculate the remainder when 71 is divided by h.
2
Suppose 31*h - 60010 = -54*h. What is the remainder when h is divided by 71?
67
Let r be (-2)/14 + 344/56. Let i(u) = -10 + 2 + 1 + 5 + r*u. What is the remainder when i(6) is divided by 9?
7
Suppose 7*o = 10*o - 30. Calculate the remainder when 12 is divided by 1/(-1 + 0 - o/(-8)).
0
Let q be (3 - (-3 - -13))*4. Let k = 99 + q. What is the remainder when k is divided by 18?
17
Let a be (-2)/6*3 - -1. Suppose l = a, l + 2*l = -4*h + 28. Calculate the remainder when 33 is divided by h.
5
Let v be ((-6)/(-4) - 2)*-58. Suppose -4*w = v + 31. What is the remainder when 2*-7*w/3 is divided by 24?
22
Let v(a) = -4*a - 9. Let r be v(-5). Suppose 0 = y - r + 3. What is the remainder when y is divided by 5?
3
Let g(o) = -o**3 + 3*o**2 + 1. Let l be g(2). Suppose -24 = 2*n - 134. Suppose l*t - 215 + n = 0. Calculate the remainder when t is divided by 17.
15
Suppose -146*s = -140*s - 114. Calculate the remainder when 33 is divided by s.
14
Calculate the remainder when 62/4*(0 + 120/3) is divided by 104.
100
Suppose -54 = -5*w + g, -w + 3*w - 4*g - 36 = 0. Let d(u) = -u**3 - 2*u**2 + 2*u + 3. Let i be 1 + 1/(-2)*10. What is the remainder when d(i) is divided by w?
7
Let l(c) = -56*c - 101. Let d be (-2)/(-3) + (-50)/3. Let q = d - -46. Calculate the remainder when q is divided by l(-2).
8
Let b = 13 - 8. Suppose -b*p = -3*h + 120, -2*h + 4*p - p + 79 = 0. Calculate the remainder when 20 is divided by 4 - 2/((-10)/h).
9
Let v(p) = -7*p - 6. Let i(l) = 15*l + 11. Let g(c) = 4*i(c) + 9*v(c). What is the remainder when g(-11) is divided by (2/(-4))/(((-14)/36)/7)?
5
Suppose 0 = -2*l + 78 - 6. Let q(s) = 36*s**2 - 6*s - 14. Calculate the remainder when q(-2) is divided by l.
34
Let v(j) = -7*j + 10. Let f be v(8). Let a = f + 73. Suppose a + 121 = 4*l. Calculate the remainder when l is divided by 13.
11
Let z be 2/6 + (-10)/30. Suppose z*p = 5*p - 260. Suppose -4*h = 5*g - 82, 0 = -h + 2 - 4. What is the remainder when p is divided by g?
16
Let v(u) = -u**2 + 11*u + 212. What is the remainder when v(0) is divided by 31?
26
Suppose 5*u - 56 = -2*u. What is the remainder when u is divided by 7?
1
Let q(z) = z**3 - z**2 - 3*z + 6. Let c(l) = -5*l**3 + 6*l**2 + 16*l - 31. Let j(o) = 2*c(o) + 11*q(o). Calculate the remainder when 13 is divided by j(0).
1
Let u = 66 + -39. Calculate the remainder when 150 is divided by u.
15
Suppose 5*b - 81 = -26. Calculate the remainder when 49 is divided by b.
5
Let w(m) = -m**3 + 6*m**2 + 8*m - 5. Suppose 502 = 204*f - 201*f - 5*c, 3*c - 679 = -4*f. Calculate the remainder when f is divided by w(6).
40
Let r(a) = 6*a + 90. What is the remainder when r(21) is divided by 71?
3
Suppose 12 = -